 composite number?
True
Is 7411 a prime number?
True
Is 416821 a prime number?
True
Is 34849 composite?
False
Is 9527 prime?
False
Is 7171 a composite number?
True
Is 10021 prime?
False
Is 19742 composite?
True
Is 27223 a composite number?
True
Is 1183607 a prime number?
True
Is 3163 composite?
False
Is 4269 prime?
False
Is 737 prime?
False
Is 4373 composite?
False
Is 54953 composite?
True
Is 5855 composite?
True
Is 826853 prime?
False
Is 507853 a prime number?
False
Is 6119 composite?
True
Is 5696381 composite?
False
Is 83299 a composite number?
False
Is 18037 prime?
False
Is 183283 a composite number?
False
Is 6937 a composite number?
True
Is 32107 a composite number?
True
Is 6333 a prime number?
False
Is 953 a prime number?
True
Is 8353 composite?
False
Is 162577 composite?
False
Is 101081 composite?
False
Is 252383 a composite number?
False
Is 16501 prime?
False
Is 176291 composite?
True
Is 13123 a composite number?
True
Is 29317 prime?
False
Is 10427 a prime number?
True
Is 179503 composite?
True
Is 6683 a composite number?
True
Is 445169 a composite number?
False
Is 750599 a prime number?
True
Is 136985 prime?
False
Is 1150933 a prime number?
False
Is 180773 composite?
False
Is 347267 prime?
False
Is 15019 composite?
True
Is 195031 a composite number?
True
Is 19301 composite?
False
Is 188011 prime?
True
Is 91229 composite?
False
Is 1211681 a composite number?
True
Is 167663 a prime number?
True
Is 16837 a prime number?
False
Is 11129 a composite number?
True
Is 11197 composite?
False
Is 23741 a composite number?
False
Is 70989 a prime number?
False
Is 1701627 a prime number?
False
Is 1547249 a composite number?
True
Is 96863 composite?
True
Is 950003 a composite number?
True
Is 20623 prime?
False
Is 319883 composite?
False
Is 2661 a prime number?
False
Is 11967 a prime number?
False
Is 356963 prime?
False
Is 35761 a composite number?
True
Is 1497 composite?
True
Is 3415 composite?
True
Is 30565 a prime number?
False
Is 54017 prime?
False
Is 376321 a composite number?
True
Is 11777 a composite number?
False
Is 698233 prime?
False
Is 40947 a prime number?
False
Is 681971 composite?
False
Is 121843 prime?
True
Is 168247 a prime number?
True
Is 16343 composite?
True
Is 315407 prime?
True
Is 45667 prime?
True
Is 23663 prime?
True
Is 52361 prime?
True
Is 3845 a prime number?
False
Is 15053 a prime number?
True
Is 10411 a prime number?
False
Is 59461 a composite number?
True
Is 1865 prime?
False
Is 36773 a composite number?
True
Is 449659 composite?
True
Is 18671 a composite number?
False
Is 42034 a composite number?
True
Is 65167 prime?
True
Is 57839 composite?
False
Is 115631 a prime number?
True
Is 10963 composite?
True
Is 4039 a composite number?
True
Is 1213 composite?
False
Is 202907 a composite number?
False
Is 699 composite?
True
Is 9249 composite?
True
Is 3299 composite?
False
Is 5683 a prime number?
True
Is 368773 a composite number?
False
Is 9173 prime?
True
Is 20731 prime?
True
Is 7695173 composite?
False
Is 190471 a prime number?
True
Is 314074 a composite number?
True
Is 21709 a composite number?
True
Is 374639 a prime number?
True
Is 25841 a composite number?
False
Is 17599 a prime number?
True
Is 237989 composite?
True
Is 24946 a prime number?
False
Is 3047 prime?
False
Is 61331 prime?
True
Is 4391 a prime number?
True
Is 10447 a prime number?
False
Is 17167 a prime number?
True
Is 3095101 a prime number?
True
Is 2893 a composite number?
True
Is 346091 composite?
False
Is 3048379 composite?
True
Is 15769 a prime number?
False
Is 216753 a prime number?
False
Is 3449 a composite number?
False
Is 313531 a prime number?
False
Is 52493 prime?
False
Is 2688457 a composite number?
True
Is 1387067 a composite number?
True
Is 80599 prime?
True
Is 1074167 composite?
False
Is 23159 a prime number?
True
Is 200945 a prime number?
False
Is 1532849 a prime number?
True
Is 3079157 a prime number?
True
Is 54767 composite?
False
Is 132599 composite?
True
Is 513203 a composite number?
False
Is 20507 prime?
True
Is 3593 prime?
True
Is 171781 prime?
False
Is 394483 composite?
True
Is 12473 prime?
True
Is 269471 a prime number?
False
Is 124511 a prime number?
False
Is 3949 prime?
False
Is 48647 prime?
True
Is 72251 a composite number?
False
Is 4381 composite?
True
Is 35279 a composite number?
False
Is 114547 composite?
False
Is 17399 a prime number?
False
Is 321502 a prime number?
False
Is 23251 composite?
False
Is 5387 composite?
False
Is 81401 a composite number?
False
Is 113695 prime?
False
Is 2873549 prime?
False
Is 5173 composite?
True
Is 12409 a prime number?
True
Is 146281 a prime number?
False
Is 103043 a composite number?
False
Is 66791 composite?
False
Is 26489 prime?
True
Is 10297 a prime number?
False
Is 1148353 composite?
True
Is 93531 a prime number?
False
Is 18455 prime?
False
Is 8513 composite?
False
Is 211129 a prime number?
True
Is 2005 a prime number?
False
Is 153487 composite?
False
Is 25903 a prime number?
True
Is 14923 a prime number?
True
Is 15859 composite?
False
Is 386279 prime?
True
Is 38111 a composite number?
True
Is 40063 prime?
True
Is 21377 prime?
True
Is 42505 a prime number?
False
Is 3831 prime?
False
Is 3683 prime?
False
Is 584759 composite?
True
Is 1922239 composite?
True
Is 338659 a prime number?
True
Is 6677 composite?
True
Is 305027 a prime number?
False
Is 660851 a composite number?
False
Is 36535 a prime number?
False
Is 7729 composite?
True
Is 64765 a prime number?
False
Is 101677 prime?
False
Is 146074 a prime number?
False
Is 7907 a prime number?
True
Is 1206791 a prime number?
True
Is 13369 composite?
True
Is 8147 a composite number?
False
Is 151091 composite?
False
Is 39971 composite?
False
Is 873515 a prime number?
False
Is 37049 a prime number?
True
Is 117163 a composite number?
False
Is 7753 prime?
True
Is 56567 a composite number?
True
Is 44401 a composite number?
True
Is 1242271 a prime number?
True
Is 28693 a composite number?
True
Is 29789 prime?
True
Is 24793 a prime number?
True
Is 56861 a composite number?
True
Is 88463 a prime number?
True
Is 18671 composite?
False
Is 831 prime?
False
Is 57301 composite?
False
Is 41901 a prime number?
False
Is 516151 a composite number?
False
Is 2885863 prime?
True
Is 29947 a composite number?
False
Is 9527 prime?
False
Is 3041 a composite number?
False
Is 6337 a composite number?
False
Is 16711 a prime number?
False
Is 52597 prime?
False
Is 341 a prime number?
False
Is 11147 prime?
False
Is 134077 a composite number?
False
Is 3691 composite?
False
Is 199229 a composite number?
True
Is 8509 prime?
False
Is 8284181 a composite number?
False
Is 1952165 prime?
False
Is 90043 composite?
True
Is 42974 a composite number?
True
Is 561229 prime?
True
Is 29383 a composite number?
False
Is 18617 a composite number?
False
Is 83 prime?
True
Is 1170679 composite?
False
Is 12193 prime?
False
Is 564227 composite?
False
Is 161 composite?
True
Is 2664353 a composite number?
False
Is 5760643 composite?
True
Is 70877 composite?
False
Is 408349 a prime number?
False
Is 85469 a prime number?
True
Is 2237 a prime number?
True
Is 176849 a composite number?
False
Is 11293 a composite number?
True
Is 180959 a composite number?
False
Is 56983 a prime number?
True
Is 265859 composite?
True
Is 14491 a composite number?
True
Is 6913 composite?
True
Is 137699 prime?
True
Is 983201 a prime number?
False
Is 28727 a composite number?
True
Is 22739 a composite number?
False
Is 7401 a prime number?
False
Is 367637 a composite number?
False
Is 1949 a prime number?
True
Is 949 a composite number?
True
Is 10831 a composite number?
False
Is 169859 composite?
False
Is 191 a composite number?
False
Is 32141 a prime number?
True
Is 5669 a composite number?
False
Is 342647 prime?
True
Is 73589 prime?
True
Is 8999 prime?
True
Is 65761 composite?
False
Is 1342963 a composite number?
False
Is 101593 a composite number?
True
Is 6263 composite?
False
Is 368633 prime?
True
Is 889901 composite?
False
Is 42871 composite?
True
Is 438473 a composite number?
True
Is 117085 a prime number?
False
Is 391 a composite number?
True
Is 519607 a prime number?
False
Is 11453 a composite number?
True
Is 6197 a prime number?
True
Is 143909 a composite number?
False
Is 3350519 a prime number?
True
Is 37747 composite?
Fals